26880895?
8
Calculate the remainder when 383248 is divided by 4973.
327
What is the remainder when 60816 is divided by 566?
254
What is the remainder when 290677684 is divided by 1291?
1288
What is the remainder when 3151322 is divided by 14?
6
What is the remainder when 125592 is divided by 228?
192
Calculate the remainder when 215136 is divided by 784.
320
Calculate the remainder when 763937 is divided by 1269.
1268
What is the remainder when 3784807 is divided by 3466?
3401
Calculate the remainder when 560424021 is divided by 36.
33
What is the remainder when 3012346 is divided by 753080?
26
Calculate the remainder when 245584 is divided by 61395.
4
Calculate the remainder when 2644148 is divided by 1546.
488
Calculate the remainder when 89069094 is divided by 436613.
42
What is the remainder when 2107162 is divided by 267?
265
What is the remainder when 1393986 is divided by 102?
54
What is the remainder when 566335 is divided by 3?
1
Calculate the remainder when 7140 is divided by 2646.
1848
Calculate the remainder when 41486687 is divided by 20743339.
9
Calculate the remainder when 705668 is divided by 54250.
418
What is the remainder when 2000667 is divided by 814?
669
What is the remainder when 171502312 is divided by 46?
6
What is the remainder when 1743999 is divided by 174398?
19
Calculate the remainder when 57705103 is divided by 360.
343
Calculate the remainder when 160378616 is divided by 26729768.
8
What is the remainder when 60315 is divided by 30141?
33
What is the remainder when 19849663 is divided by 12052?
19
Calculate the remainder when 13029402 is divided by 374.
364
What is the remainder when 309308 is divided by 370?
358
Calculate the remainder when 84338 is divided by 4438.
16
Calculate the remainder when 87531257 is divided by 8.
1
Calculate the remainder when 338980 is divided by 48415.
75
Calculate the remainder when 76334326 is divided by 5885.
5876
Calculate the remainder when 7518904 is divided by 82.
78
Calculate the remainder when 1410894 is divided by 75.
69
Calculate the remainder when 2280179 is divided by 2861.
2823
Calculate the remainder when 18524451 is divided by 777.
771
Calculate the remainder when 1067590 is divided by 6318.
6166
What is the remainder when 15113790 is divided by 4255?
30
What is the remainder when 418593 is divided by 104504?
577
What is the remainder when 21716776 is divided by 7756?
7732
Calculate the remainder when 13027849 is divided by 6513924.
1
Calculate the remainder when 150698625 is divided by 17.
0
What is the remainder when 1074133 is divided by 11483?
6214
What is the remainder when 6520589 is divided by 7923?
7883
Calculate the remainder when 647825 is divided by 3724.
3573
What is the remainder when 13683225 is divided by 45?
30
Calculate the remainder when 9480 is divided by 2629.
1593
Calculate the remainder when 45660 is divided by 21408.
2844
What is the remainder when 15185182 is divided by 8?
6
What is the remainder when 7411770 is divided by 1329?
1266
What is the remainder when 45200296 is divided by 3614?
3612
Calculate the remainder when 25963 is divided by 1027.
288
What is the remainder when 23004 is divided by 22986?
18
What is the remainder when 2572040 is divided by 2364?
8
What is the remainder when 295093 is divided by 2921?
72
What is the remainder when 822305 is divided by 34244?
449
What is the remainder when 1272961 is divided by 546?
235
Calculate the remainder when 8922 is divided by 474.
390
What is the remainder when 22037 is divided by 1096?
117
Calculate the remainder when 17863654 is divided by 167.
165
What is the remainder when 5189775 is divided by 8059?
7838
Calculate the remainder when 1846240 is divided by 22515.
10
What is the remainder when 7828476 is divided by 830?
746
What is the remainder when 158488 is divided by 31690?
38
What is the remainder when 23644851 is divided by 1694?
1693
What is the remainder when 3429 is divided by 1672?
85
What is the remainder when 3446748 is divided by 229?
69
What is the remainder when 15518407 is divided by 1696?
7
Calculate the remainder when 1219460 is divided by 3035.
2425
Calculate the remainder when 50630655 is divided by 31.
29
What is the remainder when 235288 is divided by 171?
163
Calculate the remainder when 5406196 is divided by 1351544.
20
What is the remainder when 7888055 is divided by 19?
15
What is the remainder when 165525 is divided by 106?
59
Calculate the remainder when 7172420 is divided by 63.
59
What is the remainder when 37674 is divided by 11965?
1779
What is the remainder when 2576332 is divided by 59903?
503
Calculate the remainder when 12557387 is divided by 784836.
11
What is the remainder when 2014926 is divided by 842?
20
Calculate the remainder when 202782 is divided by 895.
512
Calculate the remainder when 116416 is divided by 236.
68
Calculate the remainder when 2641091 is divided by 16303.
5
Calculate the remainder when 240835367 is divided by 222.
221
What is the remainder when 2497614 is divided by 624403?
2
What is the remainder when 2291855 is divided by 24?
23
What is the remainder when 8222057 is divided by 4111017?
23
Calculate the remainder when 431573 is divided by 515.
3
Calculate the remainder when 1442547 is divided by 721128.
291
What is the remainder when 1221694 is divided by 16968?
16966
Calculate the remainder when 72289 is divided by 1663.
780
What is the remainder when 262816 is divided by 340?
336
What is the remainder when 19856953 is divided by 19?
15
What is the remainder when 159274 is divided by 39673?
582
What is the remainder when 16256958 is divided by 7?
4
Calculate the remainder when 36556283 is divided by 1523178.
11
Calculate the remainder when 675550 is divided by 14.
8
What is the remainder when 417265 is divided by 5417?
156
What is the remainder when 5594946 is divided by 488?
26
Calculate the remainder when 3100684 is divided by 476.
20
Calculate the remainder when 370465 is divided by 699.
694
What is the remainder when 2081861 is divided by 1387?
1361
Calculate the remainder when 75120 is divided by 18738.
168
What is the remainder when 54657595 is divided by 5900?
5895
What is the remainder when 608496 is divided by 304208?
80
What is the remainder when 2674307 is divided by 17?
3
What is the remainder when 58284812 is divided by 394?
392
Calculate the remainder when 4360810 is divided by 27.
13
Calculate the remainder when 256667 is divided by 161.
33
Calculate the remainder when 460029 is divided by 460012.
17
What is the remainder when 37619967 is divided by 6269990?
27
What is the remainder when 1100934 is divided by 1100711?
223
Calculate the remainder when 1178976 is divided by 4697.
29
Calculate the remainder when 22170 is divided by 6739.
1953
Calculate the remainder when 13012237 is divided by 393.
7
What is the remainder when 665577 is divided by 37?
21
What is the remainder when 15327076 is divided by 3831762?
28
Calculate the remainder when 407311 is divided by 135693.
232
Calculate the remainder when 404057 is divided by 6122.
5
Calculate the remainder when 321557 is divided by 2587.
769
Calculate the remainder when 6839 is divided by 751.
80
What is the remainder when 17248246 is divided by 8624120?
6
What is the remainder when 1094194 is divided by 136772?
18
What is the remainder when 380759 is divided by 40294?
18113
What is the remainder when 19652299 is divided by 2543?
2538
What is the remainder when 19549 is divided by 2210?
1869
Calculate the remainder when 15536524 is divided by 43277.
81
Calculate the remainder when 12623818 is divided by 2049.
1978
What is the remainder when 210709 is divided by 35093?
151
Calculate the remainder when 1031194 is divided by 87.
70
What is the remainder when 3145610 is divided by 4702?
4674
Calculate the remainder when 333937 is divided by 333919.
18
Calculate the remainder when 87686 is divided by 204.
170
Calculate the remainder when 3658633 is divided by 5620.
13
What is the remainder when 11466 is divided by 1312?
970
Calculate the remainder when 63033 is divided by 15260.
1993
What is the remainder when 17644739 is divided by 8822323?
93
What is the remainder when 5305813 is divided by 534?
523
Calculate the remainder when 181688 is divided by 721.
717
Ca